{"version":"1.0","provider_name":"Entwicklung Schweiz","provider_url":"https:\/\/entwicklung-schweiz.ch\/fr\/","title":"Session d'hiver","type":"rich","width":600,"height":338,"html":"<blockquote class=\"wp-embedded-content\" data-secret=\"QWIVN1xPoN\"><a href=\"https:\/\/entwicklung-schweiz.ch\/fr\/session-dhiver\/\">Session d&rsquo;hiver<\/a><\/blockquote><iframe sandbox=\"allow-scripts\" security=\"restricted\" src=\"https:\/\/entwicklung-schweiz.ch\/fr\/session-dhiver\/embed\/#?secret=QWIVN1xPoN\" width=\"600\" height=\"338\" title=\"\u00ab\u00a0Session d&rsquo;hiver\u00a0\u00bb &#8212; Entwicklung Schweiz\" data-secret=\"QWIVN1xPoN\" frameborder=\"0\" marginwidth=\"0\" marginheight=\"0\" scrolling=\"no\" class=\"wp-embedded-content\"><\/iframe><script type=\"text\/javascript\">\n\/* <![CDATA[ *\/\n\/*! This file is auto-generated *\/\n!function(d,l){\"use strict\";l.querySelector&&d.addEventListener&&\"undefined\"!=typeof URL&&(d.wp=d.wp||{},d.wp.receiveEmbedMessage||(d.wp.receiveEmbedMessage=function(e){var t=e.data;if((t||t.secret||t.message||t.value)&&!\/[^a-zA-Z0-9]\/.test(t.secret)){for(var s,r,n,a=l.querySelectorAll('iframe[data-secret=\"'+t.secret+'\"]'),o=l.querySelectorAll('blockquote[data-secret=\"'+t.secret+'\"]'),c=new RegExp(\"^https?:$\",\"i\"),i=0;i<o.length;i++)o[i].style.display=\"none\";for(i=0;i<a.length;i++)s=a[i],e.source===s.contentWindow&&(s.removeAttribute(\"style\"),\"height\"===t.message?(1e3<(r=parseInt(t.value,10))?r=1e3:~~r<200&&(r=200),s.height=r):\"link\"===t.message&&(r=new URL(s.getAttribute(\"src\")),n=new URL(t.value),c.test(n.protocol))&&n.host===r.host&&l.activeElement===s&&(d.top.location.href=t.value))}},d.addEventListener(\"message\",d.wp.receiveEmbedMessage,!1),l.addEventListener(\"DOMContentLoaded\",function(){for(var e,t,s=l.querySelectorAll(\"iframe.wp-embedded-content\"),r=0;r<s.length;r++)(t=(e=s[r]).getAttribute(\"data-secret\"))||(t=Math.random().toString(36).substring(2,12),e.src+=\"#?secret=\"+t,e.setAttribute(\"data-secret\",t)),e.contentWindow.postMessage({message:\"ready\",secret:t},\"*\")},!1)))}(window,document);\n\/* ]]> *\/\n<\/script>\n","thumbnail_url":"https:\/\/entwicklung-schweiz.ch\/wp-content\/uploads\/2024\/02\/AdobeStock_207802400-2-1200x800.png","thumbnail_width":1200,"thumbnail_height":800,"description":"Chers membres et partenaires associ\u00e9s Le pr\u00e9sident de notre comit\u00e9, Martin Schmid, proposera une r\u00e9trospective exclusive de la session d&rsquo;hiver le 23 d\u00e9cembre dans le cadre de la deuxi\u00e8me \u00ab\u00a0Session Unplugged\u00a0\u00bb. Dans cette newsletter, nous r\u00e9sumons pour vous de mani\u00e8re compacte les \u00e9v\u00e9nements politiques les plus importants pour la branche, \u00e0 l&rsquo;int\u00e9rieur et \u00e0 l&rsquo;ext\u00e9rieur [&hellip;]"}

Chers membres et partenaires associés Le président de notre comité, Martin Schmid, proposera une rétrospective exclusive de la session d&rsquo;hiver le 23 décembre dans le cadre de la deuxième « Session Unplugged ». Dans cette newsletter, nous résumons pour vous de manière compacte les événements politiques les plus importants pour la branche, à l&rsquo;intérieur et à l&rsquo;extérieur [&hellip;]
