{"id":2723,"date":"2025-06-03T14:30:49","date_gmt":"2025-06-03T12:30:49","guid":{"rendered":"https:\/\/entwicklung-schweiz.ch\/?post_type=projekt&#038;p=2723"},"modified":"2026-02-05T15:50:22","modified_gmt":"2026-02-05T14:50:22","slug":"austrasse-zurich","status":"publish","type":"projekt","link":"https:\/\/entwicklung-schweiz.ch\/fr\/projekt\/austrasse-zurich\/","title":{"rendered":"Austrasse, Zurich"},"content":{"rendered":"\n<p>Der elegante Ersatzneubau an der Austrasse in Z\u00fcrich entstand aus einem Gesamtleistungswettbewerb. Inmitten des Wohnquartiers Enge realisiert, passt sich der Geb\u00e4udek\u00f6rper harmonisch in die Topografie ein und schafft hochwertigen Wohnraum mit vielf\u00e4ltigen Wohntypologien. <\/p>\n\n\n\n            <section class=\"custom-image-block\">\n                            <img decoding=\"async\" src=\"https:\/\/entwicklung-schweiz.ch\/wp-content\/uploads\/2025\/06\/WSG-Binz-Oktober-24_\u00a9RD-Durr_2-1.jpg\" class=\"custom-image-as-img  scrollMagic-block\" alt=\"WSG Binz Oktober 24_\u00a9R&#038;D D\u00fcrr_2 (1)\" data-uid=\"69f264719860b\" \/>\n            \n                            <p class=\"mb-0 very-small\">Bildrechte: Ren\u00e9 D\u00fcrr, Architekturfotografie<\/p>\n                    <\/section>\n    \n\n\n\n\n    <section class=\"fact-card-projekt-block\">\n                    <div class=\"fact-card-projekt-image-block-mob scrollMagic-block\" data-uid=\"69f26471996e4\">\n                <img decoding=\"async\" src=\"https:\/\/entwicklung-schweiz.ch\/wp-content\/uploads\/2025\/05\/WSG.png\" alt=\"WSG AG\" \/>\n            <\/div>\n        \n        <div class=\"fact-card-projekt-content-block scrollMagic-block\" data-uid=\"69f26471996e4\">\n            <div class=\"fact-card-projekt-content-block-inner-container bg-color-red_dark\">\n                <div class=\"fact-card-projekt-top-block\">\n                    <p class=\"mb-0 text-white\"><span>269<\/span> appartements<\/p><div class=\"title-divider\"><\/div><p class=\"mb-0 text-white\"><span>2021<\/span> d\u00e9but du chantier<\/p><div class=\"title-divider\"><\/div><p class=\"mb-0 text-white\"><span>2024<\/span> remise au client<\/p><div class=\"title-divider\"><\/div><p class=\"mb-0 text-white\"><span>100%<\/span> usage r\u00e9sidentiel gr\u00e2ce \u00e0 la conversion d&rsquo;un ancien complexe de bureaux<\/p><div class=\"title-divider\"><\/div>\n                                            <div class=\"fact-card-projekt-firma-block\"><p>WSG AG<\/p><\/div>\n                                    <\/div>\n\n                                    <div class=\"fact-card-projekt-button-block\">\n                        <a href=\"https:\/\/wsg.ch\" class=\"white-border-button white-border-button-hover-red_dark\" target=\"_blank\">En savoir plus<\/a>\n                    <\/div>\n                            <\/div>\n        <\/div>\n\n        <div class=\"fact-card-projekt-image-block scrollMagic-block delay-animation-1\" data-uid=\"69f26471996e4\">\n            <div class=\"fact-card-projekt-image-block-inner-container\" style=\"background-image: url('https:\/\/entwicklung-schweiz.ch\/wp-content\/uploads\/2025\/05\/WSG.png')\">\n                <img decoding=\"async\" src=\"https:\/\/entwicklung-schweiz.ch\/wp-content\/themes\/entwicklung_schweiz\/assets\/images\/page_card_image_frame.png\" alt=\"Frame\" width=\"1px\" height=\"1px\" \/>\n            <\/div>\n        <\/div>\n    <\/section>\n\n\n\n\n            <section class=\"custom-gallery-block\">\n            <div class=\"custom-gallery-content\">\n                                                                                                    <\/div>\n        <\/section>\n    \n\n\n","protected":false},"featured_media":3211,"template":"","acf":[],"yoast_head":"<!-- This site is optimized with the Yoast SEO Premium plugin v22.7 (Yoast SEO v22.7) - https:\/\/yoast.com\/wordpress\/plugins\/seo\/ -->\n<title>Austrasse, Zurich - Entwicklung Schweiz<\/title>\n<meta name=\"robots\" content=\"index, follow, max-snippet:-1, max-image-preview:large, max-video-preview:-1\" \/>\n<link rel=\"canonical\" href=\"https:\/\/entwicklung-schweiz.ch\/fr\/projekt\/austrasse-zurich\/\" \/>\n<meta property=\"og:locale\" content=\"fr_FR\" \/>\n<meta property=\"og:type\" content=\"article\" \/>\n<meta property=\"og:title\" content=\"Austrasse, Zurich\" \/>\n<meta property=\"og:description\" content=\"Der elegante Ersatzneubau an der Austrasse in Z\u00fcrich entstand aus einem Gesamtleistungswettbewerb. Inmitten des Wohnquartiers Enge realisiert, passt sich der Geb\u00e4udek\u00f6rper harmonisch in die Topografie ein und schafft hochwertigen Wohnraum mit vielf\u00e4ltigen Wohntypologien.\" \/>\n<meta property=\"og:url\" content=\"https:\/\/entwicklung-schweiz.ch\/fr\/projekt\/austrasse-zurich\/\" \/>\n<meta property=\"og:site_name\" content=\"Entwicklung Schweiz\" \/>\n<meta property=\"article:modified_time\" content=\"2026-02-05T14:50:22+00:00\" \/>\n<meta property=\"og:image\" content=\"https:\/\/entwicklung-schweiz.ch\/wp-content\/uploads\/2025\/06\/WSG-Binz-Oktober-24_\u00a9RD-Durr_2.jpeg\" \/>\n\t<meta property=\"og:image:width\" content=\"320\" \/>\n\t<meta property=\"og:image:height\" content=\"240\" \/>\n\t<meta property=\"og:image:type\" content=\"image\/jpeg\" \/>\n<meta name=\"twitter:card\" content=\"summary_large_image\" \/>\n<meta name=\"twitter:label1\" content=\"Dur\u00e9e de lecture estim\u00e9e\" \/>\n\t<meta name=\"twitter:data1\" content=\"1 minute\" \/>\n<script type=\"application\/ld+json\" class=\"yoast-schema-graph\">{\"@context\":\"https:\/\/schema.org\",\"@graph\":[{\"@type\":\"WebPage\",\"@id\":\"https:\/\/entwicklung-schweiz.ch\/fr\/projekt\/austrasse-zurich\/\",\"url\":\"https:\/\/entwicklung-schweiz.ch\/fr\/projekt\/austrasse-zurich\/\",\"name\":\"Austrasse, Zurich - Entwicklung Schweiz\",\"isPartOf\":{\"@id\":\"https:\/\/entwicklung-schweiz.ch\/#website\"},\"primaryImageOfPage\":{\"@id\":\"https:\/\/entwicklung-schweiz.ch\/fr\/projekt\/austrasse-zurich\/#primaryimage\"},\"image\":{\"@id\":\"https:\/\/entwicklung-schweiz.ch\/fr\/projekt\/austrasse-zurich\/#primaryimage\"},\"thumbnailUrl\":\"https:\/\/entwicklung-schweiz.ch\/wp-content\/uploads\/2025\/06\/WSG-Binz-Oktober-24_\u00a9RD-Durr_2.jpeg\",\"datePublished\":\"2025-06-03T12:30:49+00:00\",\"dateModified\":\"2026-02-05T14:50:22+00:00\",\"breadcrumb\":{\"@id\":\"https:\/\/entwicklung-schweiz.ch\/fr\/projekt\/austrasse-zurich\/#breadcrumb\"},\"inLanguage\":\"fr-FR\",\"potentialAction\":[{\"@type\":\"ReadAction\",\"target\":[\"https:\/\/entwicklung-schweiz.ch\/fr\/projekt\/austrasse-zurich\/\"]}]},{\"@type\":\"ImageObject\",\"inLanguage\":\"fr-FR\",\"@id\":\"https:\/\/entwicklung-schweiz.ch\/fr\/projekt\/austrasse-zurich\/#primaryimage\",\"url\":\"https:\/\/entwicklung-schweiz.ch\/wp-content\/uploads\/2025\/06\/WSG-Binz-Oktober-24_\u00a9RD-Durr_2.jpeg\",\"contentUrl\":\"https:\/\/entwicklung-schweiz.ch\/wp-content\/uploads\/2025\/06\/WSG-Binz-Oktober-24_\u00a9RD-Durr_2.jpeg\",\"width\":320,\"height\":240},{\"@type\":\"BreadcrumbList\",\"@id\":\"https:\/\/entwicklung-schweiz.ch\/fr\/projekt\/austrasse-zurich\/#breadcrumb\",\"itemListElement\":[{\"@type\":\"ListItem\",\"position\":1,\"name\":\"Home\",\"item\":\"https:\/\/entwicklung-schweiz.ch\/fr\/\"},{\"@type\":\"ListItem\",\"position\":2,\"name\":\"Projekte\",\"item\":\"https:\/\/entwicklung-schweiz.ch\/projekt\/\"},{\"@type\":\"ListItem\",\"position\":3,\"name\":\"Austrasse, Zurich\"}]},{\"@type\":\"WebSite\",\"@id\":\"https:\/\/entwicklung-schweiz.ch\/#website\",\"url\":\"https:\/\/entwicklung-schweiz.ch\/\",\"name\":\"Entwicklung Schweiz\",\"description\":\"\",\"publisher\":{\"@id\":\"https:\/\/entwicklung-schweiz.ch\/#organization\"},\"potentialAction\":[{\"@type\":\"SearchAction\",\"target\":{\"@type\":\"EntryPoint\",\"urlTemplate\":\"https:\/\/entwicklung-schweiz.ch\/?s={search_term_string}\"},\"query-input\":\"required name=search_term_string\"}],\"inLanguage\":\"fr-FR\"},{\"@type\":\"Organization\",\"@id\":\"https:\/\/entwicklung-schweiz.ch\/#organization\",\"name\":\"Entwicklung Schweiz\",\"url\":\"https:\/\/entwicklung-schweiz.ch\/\",\"logo\":{\"@type\":\"ImageObject\",\"inLanguage\":\"fr-FR\",\"@id\":\"https:\/\/entwicklung-schweiz.ch\/#\/schema\/logo\/image\/\",\"url\":\"https:\/\/entwicklung-schweiz.ch\/wp-content\/uploads\/2024\/02\/Logo_colors.svg\",\"contentUrl\":\"https:\/\/entwicklung-schweiz.ch\/wp-content\/uploads\/2024\/02\/Logo_colors.svg\",\"width\":243,\"height\":49,\"caption\":\"Entwicklung Schweiz\"},\"image\":{\"@id\":\"https:\/\/entwicklung-schweiz.ch\/#\/schema\/logo\/image\/\"}}]}<\/script>\n<!-- \/ Yoast SEO Premium plugin. -->","yoast_head_json":{"title":"Austrasse, Zurich - Entwicklung Schweiz","robots":{"index":"index","follow":"follow","max-snippet":"max-snippet:-1","max-image-preview":"max-image-preview:large","max-video-preview":"max-video-preview:-1"},"canonical":"https:\/\/entwicklung-schweiz.ch\/fr\/projekt\/austrasse-zurich\/","og_locale":"fr_FR","og_type":"article","og_title":"Austrasse, Zurich","og_description":"Der elegante Ersatzneubau an der Austrasse in Z\u00fcrich entstand aus einem Gesamtleistungswettbewerb. Inmitten des Wohnquartiers Enge realisiert, passt sich der Geb\u00e4udek\u00f6rper harmonisch in die Topografie ein und schafft hochwertigen Wohnraum mit vielf\u00e4ltigen Wohntypologien.","og_url":"https:\/\/entwicklung-schweiz.ch\/fr\/projekt\/austrasse-zurich\/","og_site_name":"Entwicklung Schweiz","article_modified_time":"2026-02-05T14:50:22+00:00","og_image":[{"width":320,"height":240,"url":"https:\/\/entwicklung-schweiz.ch\/wp-content\/uploads\/2025\/06\/WSG-Binz-Oktober-24_\u00a9RD-Durr_2.jpeg","type":"image\/jpeg"}],"twitter_card":"summary_large_image","twitter_misc":{"Dur\u00e9e de lecture estim\u00e9e":"1 minute"},"schema":{"@context":"https:\/\/schema.org","@graph":[{"@type":"WebPage","@id":"https:\/\/entwicklung-schweiz.ch\/fr\/projekt\/austrasse-zurich\/","url":"https:\/\/entwicklung-schweiz.ch\/fr\/projekt\/austrasse-zurich\/","name":"Austrasse, Zurich - Entwicklung Schweiz","isPartOf":{"@id":"https:\/\/entwicklung-schweiz.ch\/#website"},"primaryImageOfPage":{"@id":"https:\/\/entwicklung-schweiz.ch\/fr\/projekt\/austrasse-zurich\/#primaryimage"},"image":{"@id":"https:\/\/entwicklung-schweiz.ch\/fr\/projekt\/austrasse-zurich\/#primaryimage"},"thumbnailUrl":"https:\/\/entwicklung-schweiz.ch\/wp-content\/uploads\/2025\/06\/WSG-Binz-Oktober-24_\u00a9RD-Durr_2.jpeg","datePublished":"2025-06-03T12:30:49+00:00","dateModified":"2026-02-05T14:50:22+00:00","breadcrumb":{"@id":"https:\/\/entwicklung-schweiz.ch\/fr\/projekt\/austrasse-zurich\/#breadcrumb"},"inLanguage":"fr-FR","potentialAction":[{"@type":"ReadAction","target":["https:\/\/entwicklung-schweiz.ch\/fr\/projekt\/austrasse-zurich\/"]}]},{"@type":"ImageObject","inLanguage":"fr-FR","@id":"https:\/\/entwicklung-schweiz.ch\/fr\/projekt\/austrasse-zurich\/#primaryimage","url":"https:\/\/entwicklung-schweiz.ch\/wp-content\/uploads\/2025\/06\/WSG-Binz-Oktober-24_\u00a9RD-Durr_2.jpeg","contentUrl":"https:\/\/entwicklung-schweiz.ch\/wp-content\/uploads\/2025\/06\/WSG-Binz-Oktober-24_\u00a9RD-Durr_2.jpeg","width":320,"height":240},{"@type":"BreadcrumbList","@id":"https:\/\/entwicklung-schweiz.ch\/fr\/projekt\/austrasse-zurich\/#breadcrumb","itemListElement":[{"@type":"ListItem","position":1,"name":"Home","item":"https:\/\/entwicklung-schweiz.ch\/fr\/"},{"@type":"ListItem","position":2,"name":"Projekte","item":"https:\/\/entwicklung-schweiz.ch\/projekt\/"},{"@type":"ListItem","position":3,"name":"Austrasse, Zurich"}]},{"@type":"WebSite","@id":"https:\/\/entwicklung-schweiz.ch\/#website","url":"https:\/\/entwicklung-schweiz.ch\/","name":"Entwicklung Schweiz","description":"","publisher":{"@id":"https:\/\/entwicklung-schweiz.ch\/#organization"},"potentialAction":[{"@type":"SearchAction","target":{"@type":"EntryPoint","urlTemplate":"https:\/\/entwicklung-schweiz.ch\/?s={search_term_string}"},"query-input":"required name=search_term_string"}],"inLanguage":"fr-FR"},{"@type":"Organization","@id":"https:\/\/entwicklung-schweiz.ch\/#organization","name":"Entwicklung Schweiz","url":"https:\/\/entwicklung-schweiz.ch\/","logo":{"@type":"ImageObject","inLanguage":"fr-FR","@id":"https:\/\/entwicklung-schweiz.ch\/#\/schema\/logo\/image\/","url":"https:\/\/entwicklung-schweiz.ch\/wp-content\/uploads\/2024\/02\/Logo_colors.svg","contentUrl":"https:\/\/entwicklung-schweiz.ch\/wp-content\/uploads\/2024\/02\/Logo_colors.svg","width":243,"height":49,"caption":"Entwicklung Schweiz"},"image":{"@id":"https:\/\/entwicklung-schweiz.ch\/#\/schema\/logo\/image\/"}}]}},"_links":{"self":[{"href":"https:\/\/entwicklung-schweiz.ch\/fr\/wp-json\/wp\/v2\/projekt\/2723"}],"collection":[{"href":"https:\/\/entwicklung-schweiz.ch\/fr\/wp-json\/wp\/v2\/projekt"}],"about":[{"href":"https:\/\/entwicklung-schweiz.ch\/fr\/wp-json\/wp\/v2\/types\/projekt"}],"version-history":[{"count":9,"href":"https:\/\/entwicklung-schweiz.ch\/fr\/wp-json\/wp\/v2\/projekt\/2723\/revisions"}],"predecessor-version":[{"id":3226,"href":"https:\/\/entwicklung-schweiz.ch\/fr\/wp-json\/wp\/v2\/projekt\/2723\/revisions\/3226"}],"wp:featuredmedia":[{"embeddable":true,"href":"https:\/\/entwicklung-schweiz.ch\/fr\/wp-json\/wp\/v2\/media\/3211"}],"wp:attachment":[{"href":"https:\/\/entwicklung-schweiz.ch\/fr\/wp-json\/wp\/v2\/media?parent=2723"}],"curies":[{"name":"wp","href":"https:\/\/api.w.org\/{rel}","templated":true}]}}

<p>Der elegante Ersatzneubau an der Austrasse in Zürich entstand aus einem Gesamtleistungswettbewerb. Inmitten des Wohnquartiers Enge realisiert, passt sich der Gebäudekörper harmonisch in die Topografie ein und schafft hochwertigen Wohnraum mit vielfältigen Wohntypologien. </p>



            <section class="custom-image-block">
                            <img decoding="async" src="https://entwicklung-schweiz.ch/wp-content/uploads/2025/06/WSG-Binz-Oktober-24_©RD-Durr_2-1.jpg" class="custom-image-as-img  scrollMagic-block" alt="WSG Binz Oktober 24_©R&#038;D Dürr_2 (1)" data-uid="69f264719860b" />
            
                            <p class="mb-0 very-small">Bildrechte: René Dürr, Architekturfotografie</p>
                    </section>
    




    <section class="fact-card-projekt-block">
                    <div class="fact-card-projekt-image-block-mob scrollMagic-block" data-uid="69f26471996e4">
                <img decoding="async" src="https://entwicklung-schweiz.ch/wp-content/uploads/2025/05/WSG.png" alt="WSG AG" />
            </div>
        
        <div class="fact-card-projekt-content-block scrollMagic-block" data-uid="69f26471996e4">
            <div class="fact-card-projekt-content-block-inner-container bg-color-red_dark">
                <div class="fact-card-projekt-top-block">
                    <p class="mb-0 text-white"><span>269</span> appartements</p><div class="title-divider"></div><p class="mb-0 text-white"><span>2021</span> début du chantier</p><div class="title-divider"></div><p class="mb-0 text-white"><span>2024</span> remise au client</p><div class="title-divider"></div><p class="mb-0 text-white"><span>100%</span> usage résidentiel grâce à la conversion d&rsquo;un ancien complexe de bureaux</p><div class="title-divider"></div>
                                            <div class="fact-card-projekt-firma-block"><p>WSG AG</p></div>
                                    </div>

                                    <div class="fact-card-projekt-button-block">
                        <a href="https://wsg.ch" class="white-border-button white-border-button-hover-red_dark" target="_blank">En savoir plus</a>
                    </div>
                            </div>
        </div>

        <div class="fact-card-projekt-image-block scrollMagic-block delay-animation-1" data-uid="69f26471996e4">
            <div class="fact-card-projekt-image-block-inner-container" style="background-image: url('https://entwicklung-schweiz.ch/wp-content/uploads/2025/05/WSG.png')">
                <img decoding="async" src="https://entwicklung-schweiz.ch/wp-content/themes/entwicklung_schweiz/assets/images/page_card_image_frame.png" alt="Frame" width="1px" height="1px" />
            </div>
        </div>
    </section>




            <section class="custom-gallery-block">
            <div class="custom-gallery-content">
                                                                                                    </div>
        </section>

<!-- This site is optimized with the Yoast SEO Premium plugin v22.7 (Yoast SEO v22.7) - https://yoast.com/wordpress/plugins/seo/ -->
<title>Austrasse, Zurich - Entwicklung Schweiz</title>
<meta name="robots" content="index, follow, max-snippet:-1, max-image-preview:large, max-video-preview:-1" />
<link rel="canonical" href="https://entwicklung-schweiz.ch/fr/projekt/austrasse-zurich/" />
<meta property="og:locale" content="fr_FR" />
<meta property="og:type" content="article" />
<meta property="og:title" content="Austrasse, Zurich" />
<meta property="og:description" content="Der elegante Ersatzneubau an der Austrasse in Zürich entstand aus einem Gesamtleistungswettbewerb. Inmitten des Wohnquartiers Enge realisiert, passt sich der Gebäudekörper harmonisch in die Topografie ein und schafft hochwertigen Wohnraum mit vielfältigen Wohntypologien." />
<meta property="og:url" content="https://entwicklung-schweiz.ch/fr/projekt/austrasse-zurich/" />
<meta property="og:site_name" content="Entwicklung Schweiz" />
<meta property="article:modified_time" content="2026-02-05T14:50:22+00:00" />
<meta property="og:image" content="https://entwicklung-schweiz.ch/wp-content/uploads/2025/06/WSG-Binz-Oktober-24_©RD-Durr_2.jpeg" />
	<meta property="og:image:width" content="320" />
	<meta property="og:image:height" content="240" />
	<meta property="og:image:type" content="image/jpeg" />
<meta name="twitter:card" content="summary_large_image" />
<meta name="twitter:label1" content="Durée de lecture estimée" />
	<meta name="twitter:data1" content="1 minute" />
<script type="application/ld+json" class="yoast-schema-graph">{"@context":"https://schema.org","@graph":[{"@type":"WebPage","@id":"https://entwicklung-schweiz.ch/fr/projekt/austrasse-zurich/","url":"https://entwicklung-schweiz.ch/fr/projekt/austrasse-zurich/","name":"Austrasse, Zurich - Entwicklung Schweiz","isPartOf":{"@id":"https://entwicklung-schweiz.ch/#website"},"primaryImageOfPage":{"@id":"https://entwicklung-schweiz.ch/fr/projekt/austrasse-zurich/#primaryimage"},"image":{"@id":"https://entwicklung-schweiz.ch/fr/projekt/austrasse-zurich/#primaryimage"},"thumbnailUrl":"https://entwicklung-schweiz.ch/wp-content/uploads/2025/06/WSG-Binz-Oktober-24_©RD-Durr_2.jpeg","datePublished":"2025-06-03T12:30:49+00:00","dateModified":"2026-02-05T14:50:22+00:00","breadcrumb":{"@id":"https://entwicklung-schweiz.ch/fr/projekt/austrasse-zurich/#breadcrumb"},"inLanguage":"fr-FR","potentialAction":[{"@type":"ReadAction","target":["https://entwicklung-schweiz.ch/fr/projekt/austrasse-zurich/"]}]},{"@type":"ImageObject","inLanguage":"fr-FR","@id":"https://entwicklung-schweiz.ch/fr/projekt/austrasse-zurich/#primaryimage","url":"https://entwicklung-schweiz.ch/wp-content/uploads/2025/06/WSG-Binz-Oktober-24_©RD-Durr_2.jpeg","contentUrl":"https://entwicklung-schweiz.ch/wp-content/uploads/2025/06/WSG-Binz-Oktober-24_©RD-Durr_2.jpeg","width":320,"height":240},{"@type":"BreadcrumbList","@id":"https://entwicklung-schweiz.ch/fr/projekt/austrasse-zurich/#breadcrumb","itemListElement":[{"@type":"ListItem","position":1,"name":"Home","item":"https://entwicklung-schweiz.ch/fr/"},{"@type":"ListItem","position":2,"name":"Projekte","item":"https://entwicklung-schweiz.ch/projekt/"},{"@type":"ListItem","position":3,"name":"Austrasse, Zurich"}]},{"@type":"WebSite","@id":"https://entwicklung-schweiz.ch/#website","url":"https://entwicklung-schweiz.ch/","name":"Entwicklung Schweiz","description":"","publisher":{"@id":"https://entwicklung-schweiz.ch/#organization"},"potentialAction":[{"@type":"SearchAction","target":{"@type":"EntryPoint","urlTemplate":"https://entwicklung-schweiz.ch/?s={search_term_string}"},"query-input":"required name=search_term_string"}],"inLanguage":"fr-FR"},{"@type":"Organization","@id":"https://entwicklung-schweiz.ch/#organization","name":"Entwicklung Schweiz","url":"https://entwicklung-schweiz.ch/","logo":{"@type":"ImageObject","inLanguage":"fr-FR","@id":"https://entwicklung-schweiz.ch/#/schema/logo/image/","url":"https://entwicklung-schweiz.ch/wp-content/uploads/2024/02/Logo_colors.svg","contentUrl":"https://entwicklung-schweiz.ch/wp-content/uploads/2024/02/Logo_colors.svg","width":243,"height":49,"caption":"Entwicklung Schweiz"},"image":{"@id":"https://entwicklung-schweiz.ch/#/schema/logo/image/"}}]}</script>
<!-- / Yoast SEO Premium plugin. -->

Der elegante Ersatzneubau an der Austrasse in Zürich entstand aus einem Gesamtleistungswettbewerb. Inmitten des Wohnquartiers Enge realisiert, passt sich der Gebäudekörper harmonisch in die Topografie ein und schafft hochwertigen Wohnraum mit vielfältigen Wohntypologien.
